 w + 105. Is r composite?
False
Suppose 5*x = -395 + 3085. Suppose -d + x = 135. Is d a prime number?
False
Let b = -122 + 131. Let w(p) = 124*p**2 - 2*p - 19. Is w(b) a prime number?
True
Let n = -408 + 649. Let x = 970 + n. Is x a composite number?
True
Let t = -1181 - -2760. Suppose -4*k - 3*y + t = 0, -k - 8*y + 406 = -5*y. Is k composite?
True
Suppose -4*d = -347 - 481. Let v be 1*10 + -4 + -2. Suppose -715 = -v*j - d. Is j a composite number?
False
Let s(c) = c - 5. Let x be s(8). Suppose -x*i - 3 = 0, -5*w + 3*i = -0*i - 11463. Suppose -2*o - 6 = 0, -3*r + o = -0*o - w. Is r composite?
True
Let o be (-3824)/6 - (-96)/72. Let a = -239 - o. Is a a prime number?
True
Let y(g) = 7*g**2 - 16*g - 11. Let k be y(-14). Let j = 2946 - k. Is j a prime number?
True
Let x = -482 + 236. Let l = -1487 + 2140. Let c = x + l. Is c composite?
True
Let f(n) = -554*n + 335. Is f(-12) composite?
False
Suppose 3*b - 65 = 8*b - 3*y, -20 = b - 2*y. Let q = b + 87. Suppose 0 = 2*j - j - q. Is j prime?
False
Suppose 7*w - 41*w = -189652. Is w a composite number?
True
Let n be (-2)/(1 - (-30)/(-34)). Let c = 20 + n. Suppose 0 = -h - c*h + 1276. Is h prime?
False
Let l(b) = -b**2 + 18*b - 17. Let p be l(17). Suppose -3*q - 2*q - 1723 = -o, 5*o + 4*q - 8673 = p. Is o a composite number?
False
Let s(c) = 2*c**2 - 3*c + 23. Let y(p) = 2*p**2 - 4*p + 22. Let h(v) = -3*s(v) + 4*y(v). Is h(-8) prime?
False
Let y(d) = -33*d - 6. Is y(-3) composite?
True
Suppose -10 = 5*i - 180. Is (i/3)/((-10)/(-105)) prime?
False
Is 160112/12*(-9)/(-12) prime?
True
Suppose p + 15 = 4*u, 3*p + 0*p + u = 20. Suppose v + p*j = 0, 3*v = 2*v + j + 6. Suppose 0 = -v*d - 2*d + 2933. Is d a composite number?
False
Suppose 6*c = 82433 + 1345. Is c a composite number?
False
Let l(b) = b**2 + 22*b + 19. Let z be l(-22). Suppose 0 = z*x - 0*x - 34599. Is x a prime number?
False
Let t be ((-56)/(-6))/(28/42). Suppose -9 = 3*s - 3*p, -s - 2*p = s - t. Suppose -4*b - 6 + 2 = 0, 413 = 5*k + s*b. Is k a prime number?
True
Let y be (12/(-9))/(2/(-6)). Suppose -y*i = -8*i + 4804. Is i a prime number?
True
Let j(a) = 8971*a + 34. Is j(1) composite?
True
Suppose 0 = -z + 5*z - 20. Suppose 4*a - 3805 = 5*f, -5*a - z*f + 2659 + 2131 = 0. Is a a prime number?
False
Let l = -32 - -69. Suppose -k + c = -65, 4*k - c + l = 297. Is k composite?
True
Suppose 0 = 2*x - 1474 - 1040. Let j = -656 - -661. Suppose -5*c + x = -2*f, -500 = 3*c - j*c - 2*f. Is c a composite number?
False
Let r = -31 + 23. Let s = -4 - r. Suppose s*q - 2*x + 5*x - 545 = 0, 3*q - 408 = -2*x. Is q a prime number?
False
Let i(r) be the second derivative of 47*r**3/6 - 7*r**2/2 - 20*r. Is i(2) a composite number?
True
Suppose 7*g = 6*g - 12. Let i(q) = -q**2 - 16*q + 11. Is i(g) a composite number?
False
Let c = -1192 - -1698. Let h be (13/2)/((-11)/c). Is 4*(h/(-4) - 0) a composite number?
True
Let n(x) = -219*x**2 - 6*x + 2. Let h be n(-2). Let g = -171 - h. Is g prime?
True
Let f = -259 + 74. Let i = f - -270. Is i a prime number?
False
Let u(g) = -g**2 - 5*g - 6. Let a be u(-3). Let n(i) = -i**2 - i + 109. Is n(a) a prime number?
True
Is (1115260/(-50))/(-3*(-4)/(-30)) a prime number?
True
Let h = -14 - -10. Let x be (-4)/5*(-30)/h. Is 255/x*(-12)/10 composite?
True
Let s(c) = 11*c**2 - 8*c - 34. Let g be s(12). Let p = g - -1137. Is p composite?
False
Let v = -9572 + 23601. Is v prime?
True
Let b(k) = 19*k + 4. Let y be b(-1). Let w(m) = -m**3 - 14*m**2 + 13*m + 19. Is w(y) a prime number?
False
Let h = -27479 + 39756. Is h a composite number?
False
Is 1 + -8 + (13426 - 116) composite?
True
Let q be ((-20)/(-50))/((-1)/5). Let n be (69/(-12))/(q/(-648)). Is n/(-21) + (-8)/(-28) a prime number?
True
Let z(c) = -c**2 - 3*c + 3. Let h be z(-3). Is 2/6 - 1 - (-6299)/h a composite number?
False
Is ((-10)/4)/((-55)/4110590) a composite number?
True
Suppose -2*m - 1 = -3*m. Is (-4389)/(-38)*m/((-3)/(-2)) a prime number?
False
Let n(s) = 14*s**2 - 11*s + 32. Is n(9) a prime number?
False
Suppose -5*y - b = -20557, 7*b + 12331 = 3*y + 6*b. Is y a composite number?
False
Let w be (-1)/3 + (-23)/3. Let i be (-9)/36 - 1914/w. Let j = i - 128. Is j a composite number?
True
Is (-99)/11 - -19319 - -5*1 a composite number?
True
Let h = 97 - 346. Let c = 44 - 41. Is h*(1 + c)/(-12) composite?
False
Let g = 5 + -2. Suppose g*q + 4162 = 5*q. Is q a prime number?
True
Suppose 2*q = -6*s + 3*q + 28220, 4697 = s + 3*q. Is s a composite number?
False
Suppose 5*u + 29 = 2*m, -5*m + 32 = -3*m - 2*u. Let c = -15 + m. Suppose -17 = -c*y + 353. Is y a prime number?
False
Let q = 390 - 168. Suppose 2*w = 4*x + 71 + 47, -4*w + x = -q. Let s = 106 + w. Is s a prime number?
False
Let s(z) = 17152*z + 13. Is s(1) composite?
True
Let z(u) = 96*u**2 - 37*u - 17. Is z(-18) composite?
True
Let x(j) = -140*j**3 + 2*j**2 + 4*j. Let l be x(-3). Suppose l = o + 5*o. Is o a prime number?
True
Suppose -3*r + 10*i = 7*i - 50607, -2*r = -5*i - 33732. Is r composite?
False
Let g(y) = -12*y**2 - 39*y + 9. Let w(k) = 24*k**2 + 78*k - 17. Let h(z) = -5*g(z) - 2*w(z). Is h(-12) composite?
False
Let m(w) = -18*w**3 - 8*w**2 + 10*w - 5. Is m(-7) a prime number?
False
Let l(u) be the third derivative of 377*u**5/60 + u**4/8 + u**3/2 + 8*u**2. Is l(2) prime?
False
Suppose n + 20 + 32 = 0. Is (-4650)/(-26) + n/(-338) a composite number?
False
Suppose -4*m - 8 = -2*m. Is m/14 - (-70695)/105 a prime number?
True
Suppose u = 2*i + 44, 5*u - 22 - 54 = 4*i. Is ((12404/i)/(-7))/(1/6) a composite number?
False
Is (4 + (2 - 2))*(-115011)/(-36) composite?
True
Suppose -26*a - 27130 = -130272. Is a a prime number?
True
Let m = 4 - 10. Let w be m/(-12) + 411/2. Suppose -2*q + 10 = 0, -4*c - 4*q + 26 = -w. Is c composite?
False
Let w = -1394 + 2961. Is w prime?
True
Suppose 8 = 4*a, 2*n - 4*a = a + 614. Let t(c) = 506 - n + 2*c + 713. Is t(0) composite?
False
Let q be (-6)/(-2)*2421/(-27). Let f = q + 470. Suppose -f = -0*g - 3*g. Is g a prime number?
True
Let z be 1 - 2 - 25/(-5). Suppose -4*y - y + z*p + 1493 = 0, 2*y - 605 = -p. Let c = y + -152. Is c a composite number?
False
Let w = 4 - 3. Is (573/(-2)*1)/(w/(-2)) prime?
False
Suppose 0 = 4*m + 4*m - 2056. Suppose 29*h - 28*h = m. Is h prime?
True
Let o(b) be the second derivative of -61*b**3 + b**2/2 + 5*b. Suppose 0 = 10*z + 27 + 3. Is o(z) a prime number?
False
Let i = -1768 - -2919. Is i prime?
True
Let y(l) = -3*l**3 - 10*l**2 - 27*l + 47. Is y(-13) a prime number?
False
Let l(r) = -3*r**3 - r**2 + 33287. Is l(0) prime?
True
Suppose -7076 = -3*i + 4*o - 3*o, 2*i = 2*o + 4724. Is i composite?
False
Let j = 23 - 20. Suppose 4*x - 9*x = -j*a - 29, 5*a = -2*x + 24. Is (422/7)/(x/49) a composite number?
True
Suppose -3*y = -18*y + 32055. Is y a composite number?
False
Suppose 0 = -3*v - r + 2942, 6*v - 2*r - 3906 = 2*v. Is v a composite number?
True
Suppose 0*q = 5*q - 20, 34025 = 3*s + 5*q. Is s a prime number?
False
Suppose -211*u - 6 = -213*u. Suppose v - u*v = -n - 4782, -4*n = -2*v + 4770. Is v prime?
True
Let h(x) = -219*x - 4. Let p be h(-2). Let v = -127 + p. Is v prime?
True
Let b be ((-28)/(-6) - 2)/((-4)/(-6)). Suppose b*y - 362 = 234. Is y a prime number?
True
Let p(g) = -3*g**3 - 2 + 4*g**3 + g**3 - 11*g**2 + 5*g + 1. Is p(9) composite?
True
Let v = 18734 + -4233. Is v a composite number?
True
Suppose -175*b = -168*b - 241549. Is b composite?
True
Suppose 3 = f - 0*f + v, 0 = 4*f + 2*v - 6. Suppose f = -5*o - p + 3784, -2*o - 2*o = 5*p - 3023. Is o prime?
True
Let t(w) = -1277*w**2 + 2. Let q be t(-1). Let v = q - -2713. Is v composite?
True
Let j be 16/3*(-7 + 10). Let s = -13 + j. Is (-4)/6 + 293/s a prime number?
True
Let t(f) = -147*f - 8. Let z be t(-9). Let l = 2238 - z. Is l prime?
False
Suppose 2*h + 1 = h. Let g = -29 - 7. Let n = h - g. Is n a prime number?
False
Is (-1 - -7)*1338*12/216 prime?
False
Let b(w) = -w**2 - w + 3. Let k be b(0). Suppose -3 = g - k*n, -g + 1 - 2 = -n. Suppose g = f + j - 201, -4*f - 3*j = 2*j - 800. Is f composite?
True
Let i = 2 + 1. Suppose 0 = -5*f + f + 3*p, i*f = -5*p + 29. Suppose f*a - 148 = 47. Is a prime?
False
Let s = 41 + -42. Is -2 + 859 + -5 - s a prime number?
True
Let w = -1256 + 2383. Suppose w = 8*c - c. Is c prime?
False
Suppose 2*y = -2*y + h + 50, -3*h = 6. Let z = y + -2. Is